{"id":825,"date":"2024-04-01T19:04:52","date_gmt":"2024-04-01T17:04:52","guid":{"rendered":"https:\/\/c2v2holdingllc.com\/?page_id=825"},"modified":"2025-07-22T16:18:38","modified_gmt":"2025-07-22T14:18:38","slug":"claudia-vanessa-munoz-tascon","status":"publish","type":"page","link":"https:\/\/c2v2holdingllc.com\/index.php\/claudia-vanessa-munoz-tascon\/","title":{"rendered":"Claudia Vanessa Mu\u00f1oz Tasc\u00f3n"},"content":{"rendered":"\n\t<section class=\"section\" id=\"section_88538491\">\n\t\t<div class=\"bg section-bg fill bg-fill  \" >\n\n\t\t\t\n\t\t\t<div class=\"section-bg-overlay absolute fill\"><\/div>\n\t\t\t\n\n\t\t<\/div>\n\n\t\t\n\n\t\t<div class=\"section-content relative\">\n\t\t\t\n\n<div class=\"row\" style=\"max-width:1200px\" id=\"row-2033113221\">\n\n\n\t<div id=\"col-1809345098\" class=\"col medium-5 small-12 large-5\"  >\n\t\t\t\t<div class=\"col-inner\"  >\n\t\t\t\n\t\t\t\n\n\t<div id=\"gap-448401859\" class=\"gap-element clearfix\" style=\"display:block; height:auto;\">\n\t\t\n<style>\n#gap-448401859 {\n  padding-top: 0px;\n}\n@media (min-width:850px) {\n  #gap-448401859 {\n    padding-top: 30px;\n  }\n}\n<\/style>\n\t<\/div>\n\t\n\n\n\t\t<\/div>\n\t\t\t\t\t<\/div>\n\n\t\n\n\t<div id=\"col-776338755\" class=\"col medium-12 small-12 large-7\"  >\n\t\t\t\t<div class=\"col-inner\"  >\n\t\t\t\n\t\t\t\n\n\t<div id=\"gap-1779279412\" class=\"gap-element clearfix\" style=\"display:block; height:auto;\">\n\t\t\n<style>\n#gap-1779279412 {\n  padding-top: 30px;\n}\n<\/style>\n\t<\/div>\n\t\n\n\t<div id=\"text-1141942992\" class=\"text\">\n\t\t\n\n<h6>My coaching story<\/h6>\n\t\t\n<style>\n#text-1141942992 {\n  font-size: 1rem;\n}\n@media (min-width:550px) {\n  #text-1141942992 {\n    font-size: 1.25rem;\n  }\n}\n<\/style>\n\t<\/div>\n\t\n\t<div id=\"text-2751000966\" class=\"text\">\n\t\t\n\n<h1>Claudia Vanessa<br \/>Mu\u00f1oz Tasc\u00f3n<\/h1>\n\t\t\n<style>\n#text-2751000966 {\n  font-size: 2.5rem;\n  color: rgb(255,255,255);\n}\n#text-2751000966 > * {\n  color: rgb(255,255,255);\n}\n@media (min-width:550px) {\n  #text-2751000966 {\n    font-size: 1.85rem;\n  }\n}\n<\/style>\n\t<\/div>\n\t\n\n\t\t<\/div>\n\t\t\t\t\n<style>\n#col-776338755 > .col-inner {\n  padding: 0px 0px 0px 0;\n}\n@media (min-width:550px) {\n  #col-776338755 > .col-inner {\n    padding: 0px 0px 0px 30px;\n  }\n}\n<\/style>\n\t<\/div>\n\n\t\n\n<\/div>\n\n\t\t<\/div>\n\n\t\t\n<style>\n#section_88538491 {\n  padding-top: 30px;\n  padding-bottom: 30px;\n  min-height: 300px;\n  background-color: #4f4f4f;\n}\n#section_88538491 .section-bg-overlay {\n  background-color: rgba(0,0,0,.5);\n}\n#section_88538491 .section-bg.bg-loaded {\n  background-image: url(https:\/\/c2v2holdingllc.com\/wp-content\/uploads\/2024\/03\/pexels-sevenstorm-juhaszimrus-566378-scaled.jpg);\n}\n#section_88538491 .section-bg {\n  background-position: 65% 100%;\n}\n@media (min-width:550px) {\n  #section_88538491 {\n    min-height: 450px;\n  }\n}\n@media (min-width:850px) {\n  #section_88538491 {\n    min-height: 500px;\n  }\n}\n<\/style>\n\t<\/section>\n\t\n<div class=\"row\" style=\"max-width:1200px\" id=\"row-528245965\">\n\n\n\t<div id=\"col-61652286\" class=\"col medium-12 small-12 large-5\"  >\n\t\t\t\t<div class=\"col-inner\"  >\n\t\t\t\n\t\t\t\n\n\n  <div class=\"banner has-hover\" id=\"banner-924713429\">\n          <div class=\"banner-inner fill\">\n        <div class=\"banner-bg fill\" >\n            <div class=\"bg fill bg-fill \"><\/div>\n                                    \n                    <\/div>\n\t\t\n        <div class=\"banner-layers container\">\n            <div class=\"fill banner-link\"><\/div>            \n\n   <div id=\"text-box-1449562655\" class=\"text-box banner-layer x50 md-x50 lg-x50 y50 md-y50 lg-y50 res-text\">\n                                <div class=\"text-box-content text dark\">\n              \n              <div class=\"text-inner text-center\">\n                  \n\n\n              <\/div>\n           <\/div>\n                            \n<style>\n#text-box-1449562655 {\n  width: 60%;\n}\n#text-box-1449562655 .text-box-content {\n  font-size: 100%;\n}\n@media (min-width:550px) {\n  #text-box-1449562655 {\n    width: 60%;\n  }\n}\n<\/style>\n    <\/div>\n \n\n        <\/div>\n      <\/div>\n\n            \n<style>\n#banner-924713429 {\n  padding-top: 300px;\n  background-color: rgb(255, 255, 255);\n}\n#banner-924713429 .bg.bg-loaded {\n  background-image: url(https:\/\/c2v2holdingllc.com\/wp-content\/uploads\/2024\/04\/claudia_Mesa-de-trabajo-1-1024x1024.jpg);\n}\n#banner-924713429 .bg {\n  background-position: 50% 56%;\n}\n@media (min-width:550px) {\n  #banner-924713429 {\n    padding-top: 500px;\n  }\n}\n@media (min-width:850px) {\n  #banner-924713429 {\n    padding-top: 650px;\n  }\n}\n<\/style>\n  <\/div>\n\n\n\t<div id=\"gap-970776900\" class=\"gap-element clearfix\" style=\"display:block; height:auto;\">\n\t\t\n<style>\n#gap-970776900 {\n  padding-top: 0px;\n}\n@media (min-width:850px) {\n  #gap-970776900 {\n    padding-top: 100px;\n  }\n}\n<\/style>\n\t<\/div>\n\t\n\n\n\t\t<\/div>\n\t\t\t\t\n<style>\n#col-61652286 > .col-inner {\n  margin: -100px 0px 0px 0px;\n}\n@media (min-width:550px) {\n  #col-61652286 > .col-inner {\n    margin: -150px 0px 0px 0px;\n  }\n}\n@media (min-width:850px) {\n  #col-61652286 > .col-inner {\n    margin: -400px 0px 0px 0px;\n  }\n}\n<\/style>\n\t<\/div>\n\n\t\n\n\t<div id=\"col-1462264289\" class=\"col medium-11 small-12 large-7\"  >\n\t\t\t\t<div class=\"col-inner\"  >\n\t\t\t\n\t\t\t\n\n\t<div id=\"gap-1326576820\" class=\"gap-element clearfix\" style=\"display:block; height:auto;\">\n\t\t\n<style>\n#gap-1326576820 {\n  padding-top: 30px;\n}\n<\/style>\n\t<\/div>\n\t\n\n<div class=\"container section-title-container\" ><h4 class=\"section-title section-title-normal\"><b><\/b><span class=\"section-title-main\" >Administradora de Empresas de la Universidad del Valle (2007).<\/span><b><\/b><\/h4><\/div>\n\n<p>Cuenta con estudios en Tributaci\u00f3n y Planeaci\u00f3n Patrimonial de Personas F\u00edsicas en el Ilustre Colegio de Abogados de M\u00e9xico (2023). Se ha desempe\u00f1ado como Auditora de Fiscalizaci\u00f3n en la Direcci\u00f3n de Impuestos y Aduanas Nacionales de Colombia (2016-2023).<\/p>\n\n\t\t<\/div>\n\t\t\t\t\n<style>\n#col-1462264289 > .col-inner {\n  padding: 0px 0px 0px 0;\n}\n@media (min-width:550px) {\n  #col-1462264289 > .col-inner {\n    padding: 0px 0px 0px 30px;\n  }\n}\n<\/style>\n\t<\/div>\n\n\t\n\n<\/div>\n\t<section class=\"section\" id=\"section_1157536531\">\n\t\t<div class=\"bg section-bg fill bg-fill  bg-loaded\" >\n\n\t\t\t\n\t\t\t\n\t\t\t\n\n\t\t<\/div>\n\n\t\t\n\n\t\t<div class=\"section-content relative\">\n\t\t\t\n\n<div class=\"row\" style=\"max-width:1200px\" id=\"row-487265874\">\n\n\n\t<div id=\"col-1877486859\" class=\"col small-12 large-12\"  >\n\t\t\t\t<div class=\"col-inner\"  >\n\t\t\t\n\t\t\t\n\n\t<div id=\"text-1294345019\" class=\"text\">\n\t\t\n\n<h1>Especializaciones<\/h1>\n\t\t\n<style>\n#text-1294345019 {\n  font-size: 1.75rem;\n  text-align: center;\n}\n<\/style>\n\t<\/div>\n\t\n\n\t\t<\/div>\n\t\t\t\t\t<\/div>\n\n\t\n\n<\/div>\n<div class=\"row row-large row-solid\" style=\"max-width:1200px\" id=\"row-637662598\">\n\n\n\t<div id=\"col-634330400\" class=\"col medium-10 small-12 large-6\"  >\n\t\t\t\t<div class=\"col-inner\"  >\n\t\t\t\n\t\t\t\n\n\n\t\t<div class=\"icon-box featured-box icon-box-left text-left\"  >\n\t\t\t\t\t<div class=\"icon-box-img\" style=\"width: 69px\">\n\t\t\t\t<div class=\"icon\">\n\t\t\t\t\t<div class=\"icon-inner\" >\n\t\t\t\t\t\t<img loading=\"lazy\" decoding=\"async\" width=\"120\" height=\"120\" src=\"https:\/\/c2v2holdingllc.com\/wp-content\/uploads\/2024\/03\/check-line.png\" class=\"attachment-medium size-medium\" alt=\"\" \/>\t\t\t\t\t<\/div>\n\t\t\t\t<\/div>\n\t\t\t<\/div>\n\t\t\t\t<div class=\"icon-box-text last-reset\">\n\t\t\t\t\t\t\t\t\t\n\n<p>Maestr\u00eda en Alta Gerencia de la Universidad de Alcal\u00e1 de Henares en Madrid Espa\u00f1a (2010).<\/p>\n\n\t\t<\/div>\n\t<\/div>\n\t\n\t\n\t<div id=\"gap-1908432761\" class=\"gap-element clearfix\" style=\"display:block; height:auto;\">\n\t\t\n<style>\n#gap-1908432761 {\n  padding-top: 30px;\n}\n<\/style>\n\t<\/div>\n\t\n\n\n\t\t<div class=\"icon-box featured-box icon-box-left text-left\"  >\n\t\t\t\t\t<div class=\"icon-box-img\" style=\"width: 69px\">\n\t\t\t\t<div class=\"icon\">\n\t\t\t\t\t<div class=\"icon-inner\" >\n\t\t\t\t\t\t<img loading=\"lazy\" decoding=\"async\" width=\"120\" height=\"120\" src=\"https:\/\/c2v2holdingllc.com\/wp-content\/uploads\/2024\/03\/check-line.png\" class=\"attachment-medium size-medium\" alt=\"\" \/>\t\t\t\t\t<\/div>\n\t\t\t\t<\/div>\n\t\t\t<\/div>\n\t\t\t\t<div class=\"icon-box-text last-reset\">\n\t\t\t\t\t\t\t\t\t\n\n<p>Postgrado en Tributaci\u00f3n Internacional e Impuestos en la Universidad de Maastricht sede Bruselas (2023).<\/p>\n\n\t\t<\/div>\n\t<\/div>\n\t\n\t\n\t<div id=\"gap-1941213872\" class=\"gap-element clearfix\" style=\"display:block; height:auto;\">\n\t\t\n<style>\n#gap-1941213872 {\n  padding-top: 30px;\n}\n<\/style>\n\t<\/div>\n\t\n\n\t<div id=\"gap-2052555146\" class=\"gap-element clearfix\" style=\"display:block; height:auto;\">\n\t\t\n<style>\n#gap-2052555146 {\n  padding-top: 30px;\n}\n<\/style>\n\t<\/div>\n\t\n\n\n\t\t<\/div>\n\t\t\t\t\n<style>\n#col-634330400 > .col-inner {\n  padding: 0px 0 0px 0px;\n}\n@media (min-width:850px) {\n  #col-634330400 > .col-inner {\n    padding: 0px 40px 0px 0px;\n  }\n}\n<\/style>\n\t<\/div>\n\n\t\n\n\t<div id=\"col-503147495\" class=\"col medium-10 small-12 large-6\"  >\n\t\t\t\t<div class=\"col-inner\"  >\n\t\t\t\n\t\t\t\n\n\n\t\t<div class=\"icon-box featured-box icon-box-left text-left\"  >\n\t\t\t\t\t<div class=\"icon-box-img\" style=\"width: 69px\">\n\t\t\t\t<div class=\"icon\">\n\t\t\t\t\t<div class=\"icon-inner\" >\n\t\t\t\t\t\t<img loading=\"lazy\" decoding=\"async\" width=\"120\" height=\"120\" src=\"https:\/\/c2v2holdingllc.com\/wp-content\/uploads\/2024\/03\/check-line.png\" class=\"attachment-medium size-medium\" alt=\"\" \/>\t\t\t\t\t<\/div>\n\t\t\t\t<\/div>\n\t\t\t<\/div>\n\t\t\t\t<div class=\"icon-box-text last-reset\">\n\t\t\t\t\t\t\t\t\t\n\n<p>Especialista en Derecho Tributario de la Universidad Externado de Colombia (2020).<\/p>\n\n\t\t<\/div>\n\t<\/div>\n\t\n\t\n\t<div id=\"gap-1900094065\" class=\"gap-element clearfix\" style=\"display:block; height:auto;\">\n\t\t\n<style>\n#gap-1900094065 {\n  padding-top: 30px;\n}\n<\/style>\n\t<\/div>\n\t\n\n\n\t\t<div class=\"icon-box featured-box icon-box-left text-left\"  >\n\t\t\t\t\t<div class=\"icon-box-img\" style=\"width: 69px\">\n\t\t\t\t<div class=\"icon\">\n\t\t\t\t\t<div class=\"icon-inner\" >\n\t\t\t\t\t\t<img loading=\"lazy\" decoding=\"async\" width=\"120\" height=\"120\" src=\"https:\/\/c2v2holdingllc.com\/wp-content\/uploads\/2024\/03\/check-line.png\" class=\"attachment-medium size-medium\" alt=\"\" \/>\t\t\t\t\t<\/div>\n\t\t\t\t<\/div>\n\t\t\t<\/div>\n\t\t\t\t<div class=\"icon-box-text last-reset\">\n\t\t\t\t\t\t\t\t\t\n\n<p>Estudios en Tributaci\u00f3n y Planeaci\u00f3n Patrimonial de Personas F\u00edsicas en el Ilustre Colegio de Abogados de M\u00e9xico (2023).<\/p>\n\n\t\t<\/div>\n\t<\/div>\n\t\n\t\n\n\t\t<div class=\"icon-box featured-box icon-box-left text-left\"  >\n\t\t\t\t\t<div class=\"icon-box-img\" style=\"width: 61px\">\n\t\t\t\t<div class=\"icon\">\n\t\t\t\t\t<div class=\"icon-inner\" >\n\t\t\t\t\t\t<img loading=\"lazy\" decoding=\"async\" width=\"120\" height=\"120\" src=\"https:\/\/c2v2holdingllc.com\/wp-content\/uploads\/2024\/03\/check-line.png\" class=\"attachment-medium size-medium\" alt=\"\" \/>\t\t\t\t\t<\/div>\n\t\t\t\t<\/div>\n\t\t\t<\/div>\n\t\t\t\t<div class=\"icon-box-text last-reset\">\n\t\t\t\t\t\t\t\t\t\n\n\t<div id=\"text-1641556398\" class=\"text\">\n\t\t\n\n<p>Programa Jur\u00eddico Avanzado en Fiscalidad GLobal. IE University. Madrid, Espa\u00f1a (2025).<\/p>\n\n\t\t\n<style>\n#text-1641556398 {\n  font-size: 1rem;\n  line-height: 1.85;\n  text-align: left;\n}\n<\/style>\n\t<\/div>\n\t\n\n\t\t<\/div>\n\t<\/div>\n\t\n\t\n\t<div id=\"gap-1320330358\" class=\"gap-element clearfix\" style=\"display:block; height:auto;\">\n\t\t\n<style>\n#gap-1320330358 {\n  padding-top: 30px;\n}\n<\/style>\n\t<\/div>\n\t\n\n\n\t\t<\/div>\n\t\t\t\t\n<style>\n#col-503147495 > .col-inner {\n  padding: 0px 0px 0px 0;\n}\n@media (min-width:850px) {\n  #col-503147495 > .col-inner {\n    padding: 0px 0px 0px 30px;\n  }\n}\n<\/style>\n\t<\/div>\n\n\t\n\n<\/div>\n\t<div id=\"gap-1419734362\" class=\"gap-element clearfix\" style=\"display:block; height:auto;\">\n\t\t\n<style>\n#gap-1419734362 {\n  padding-top: 30px;\n}\n<\/style>\n\t<\/div>\n\t\n\n\n\t\t<\/div>\n\n\t\t\n<style>\n#section_1157536531 {\n  padding-top: 0px;\n  padding-bottom: 0px;\n  background-color: rgb(236, 236, 236);\n}\n<\/style>\n\t<\/section>\n\t\n\t<section class=\"section dark\" id=\"section_2050389994\">\n\t\t<div class=\"bg section-bg fill bg-fill  bg-loaded\" >\n\n\t\t\t\n\t\t\t\n\t\t\t\n\n\t\t<\/div>\n\n\t\t\n\n\t\t<div class=\"section-content relative\">\n\t\t\t\n\n<div class=\"row align-bottom\" style=\"max-width:1200px\" id=\"row-188571735\">\n\n\n\t<div id=\"col-1404190913\" class=\"col medium-12 small-12 large-6\"  >\n\t\t\t\t<div class=\"col-inner\"  >\n\t\t\t\n\t\t\t\n\n\t<div id=\"text-2039382701\" class=\"text\">\n\t\t\n\n<p>Dudas e Inquietudes<\/p>\n\t\t\n<style>\n#text-2039382701 {\n  font-size: 1.1rem;\n  text-align: left;\n}\n<\/style>\n\t<\/div>\n\t\n\t<div id=\"text-1728278413\" class=\"text\">\n\t\t\n\n<h2>\u00bfM\u00e1s informaci\u00f3n?<\/h2>\n\t\t\n<style>\n#text-1728278413 {\n  font-size: 1.75rem;\n}\n@media (min-width:550px) {\n  #text-1728278413 {\n    font-size: 1.5rem;\n  }\n}\n<\/style>\n\t<\/div>\n\t\n<p>Escr\u00edbenos para recibir una asesor\u00eda eficaz. Somos un equipo de expertos dispuestos a brindarle soluciones.<\/p>\n\n\t\t<\/div>\n\t\t\t\t\t<\/div>\n\n\t\n\n\t<div id=\"col-1888472728\" class=\"col medium-12 small-12 large-6\"  >\n\t\t\t\t<div class=\"col-inner\"  >\n\t\t\t\n\t\t\t\n\n<a class=\"button white expand\"  style=\"padding:5px 0px 5px 0px;\">\n    <span>Cont\u00e1cto<\/span>\n  <\/a>\n\n\n\n\t\t<\/div>\n\t\t\t\t\n<style>\n#col-1888472728 > .col-inner {\n  padding: 0px 0px 0px 0;\n  margin: 0 0px 0px 0px;\n}\n@media (min-width:850px) {\n  #col-1888472728 > .col-inner {\n    padding: 0px 0px 0px 30px;\n    margin: -70px 0px 0px 0px;\n  }\n}\n<\/style>\n\t<\/div>\n\n\t\n\n<\/div>\n\t<div id=\"gap-469166745\" class=\"gap-element clearfix\" style=\"display:block; height:auto;\">\n\t\t\n<style>\n#gap-469166745 {\n  padding-top: 50px;\n}\n<\/style>\n\t<\/div>\n\t\n\n\n\t\t<\/div>\n\n\t\t\n<style>\n#section_2050389994 {\n  padding-top: 80px;\n  padding-bottom: 80px;\n  background-color: rgb(39, 54, 71);\n}\n<\/style>\n\t<\/section>\n\t\n\t<section class=\"section\" id=\"section_1736326577\">\n\t\t<div class=\"bg section-bg fill bg-fill  bg-loaded\" >\n\n\t\t\t\n\t\t\t\n\t\t\t\n\n\t\t<\/div>\n\n\t\t\n\n\t\t<div class=\"section-content relative\">\n\t\t\t\n\n<div class=\"row\" style=\"max-width:1200px\" id=\"row-1060850202\">\n\n\n\t<div id=\"col-1455549563\" class=\"col small-12 large-12\"  >\n\t\t\t\t<div class=\"col-inner\"  >\n\t\t\t\n\t\t\t\n\n\n  <div class=\"banner has-hover\" id=\"banner-648550821\">\n          <div class=\"banner-inner fill\">\n        <div class=\"banner-bg fill\" >\n            <div class=\"bg fill bg-fill \"><\/div>\n                                    \n                    <\/div>\n\t\t\n        <div class=\"banner-layers container\">\n            <div class=\"fill banner-link\"><\/div>            \n\n   <div id=\"text-box-1310418241\" class=\"text-box banner-layer x50 md-x50 lg-x50 y50 md-y50 lg-y50 res-text\">\n                                <div class=\"text-box-content text dark\">\n              \n              <div class=\"text-inner text-center\">\n                  \n\n\n              <\/div>\n           <\/div>\n                            \n<style>\n#text-box-1310418241 {\n  width: 60%;\n}\n#text-box-1310418241 .text-box-content {\n  font-size: 100%;\n}\n@media (min-width:550px) {\n  #text-box-1310418241 {\n    width: 60%;\n  }\n}\n<\/style>\n    <\/div>\n \n\n        <\/div>\n      <\/div>\n\n            \n<style>\n#banner-648550821 {\n  padding-top: 200px;\n  background-color: rgb(255, 255, 255);\n}\n#banner-648550821 .bg.bg-loaded {\n  background-image: url(https:\/\/c2v2holdingllc.com\/wp-content\/uploads\/2024\/03\/vista-aerea-espacio-urbano-1024x681.jpg);\n}\n#banner-648550821 .bg {\n  background-position: 17% 29%;\n}\n@media (min-width:550px) {\n  #banner-648550821 {\n    padding-top: 350px;\n  }\n}\n@media (min-width:850px) {\n  #banner-648550821 {\n    padding-top: 400px;\n  }\n}\n<\/style>\n  <\/div>\n\n\n\n\t\t<\/div>\n\t\t\t\t\n<style>\n#col-1455549563 > .col-inner {\n  margin: -120px 0px 0px 0px;\n}\n<\/style>\n\t<\/div>\n\n\t\n\n<\/div>\n\n\t\t<\/div>\n\n\t\t\n<style>\n#section_1736326577 {\n  padding-top: 30px;\n  padding-bottom: 30px;\n}\n<\/style>\n\t<\/section>\n\t\n\n","protected":false},"excerpt":{"rendered":"","protected":false},"author":1,"featured_media":0,"parent":0,"menu_order":0,"comment_status":"closed","ping_status":"closed","template":"page-blank.php","meta":{"footnotes":""},"yoast_head":"<!-- This site is optimized with the Yoast SEO plugin v23.3 - https:\/\/yoast.com\/wordpress\/plugins\/seo\/ -->\n<title>Claudia Vanessa Mu\u00f1oz Tasc\u00f3n - C2V2 Holding LLC<\/title>\n<meta name=\"robots\" content=\"index, follow, max-snippet:-1, max-image-preview:large, max-video-preview:-1\" \/>\n<link rel=\"canonical\" href=\"https:\/\/c2v2holdingllc.com\/index.php\/claudia-vanessa-munoz-tascon\/\" \/>\n<meta property=\"og:locale\" content=\"es_ES\" \/>\n<meta property=\"og:type\" content=\"article\" \/>\n<meta property=\"og:title\" content=\"Claudia Vanessa Mu\u00f1oz Tasc\u00f3n - C2V2 Holding LLC\" \/>\n<meta property=\"og:url\" content=\"https:\/\/c2v2holdingllc.com\/index.php\/claudia-vanessa-munoz-tascon\/\" \/>\n<meta property=\"og:site_name\" content=\"C2V2 Holding LLC\" \/>\n<meta property=\"article:modified_time\" content=\"2025-07-22T14:18:38+00:00\" \/>\n<meta name=\"twitter:card\" content=\"summary_large_image\" \/>\n<meta name=\"twitter:label1\" content=\"Tiempo de lectura\" \/>\n\t<meta name=\"twitter:data1\" content=\"2 minutos\" \/>\n<script type=\"application\/ld+json\" class=\"yoast-schema-graph\">{\"@context\":\"https:\/\/schema.org\",\"@graph\":[{\"@type\":\"WebPage\",\"@id\":\"https:\/\/c2v2holdingllc.com\/index.php\/claudia-vanessa-munoz-tascon\/\",\"url\":\"https:\/\/c2v2holdingllc.com\/index.php\/claudia-vanessa-munoz-tascon\/\",\"name\":\"Claudia Vanessa Mu\u00f1oz Tasc\u00f3n - C2V2 Holding LLC\",\"isPartOf\":{\"@id\":\"https:\/\/c2v2holdingllc.com\/#website\"},\"datePublished\":\"2024-04-01T17:04:52+00:00\",\"dateModified\":\"2025-07-22T14:18:38+00:00\",\"breadcrumb\":{\"@id\":\"https:\/\/c2v2holdingllc.com\/index.php\/claudia-vanessa-munoz-tascon\/#breadcrumb\"},\"inLanguage\":\"es\",\"potentialAction\":[{\"@type\":\"ReadAction\",\"target\":[\"https:\/\/c2v2holdingllc.com\/index.php\/claudia-vanessa-munoz-tascon\/\"]}]},{\"@type\":\"BreadcrumbList\",\"@id\":\"https:\/\/c2v2holdingllc.com\/index.php\/claudia-vanessa-munoz-tascon\/#breadcrumb\",\"itemListElement\":[{\"@type\":\"ListItem\",\"position\":1,\"name\":\"Portada\",\"item\":\"https:\/\/c2v2holdingllc.com\/\"},{\"@type\":\"ListItem\",\"position\":2,\"name\":\"Claudia Vanessa Mu\u00f1oz Tasc\u00f3n\"}]},{\"@type\":\"WebSite\",\"@id\":\"https:\/\/c2v2holdingllc.com\/#website\",\"url\":\"https:\/\/c2v2holdingllc.com\/\",\"name\":\"C2V2 Holding LLC\",\"description\":\"Asesor\u00eda y Planeaci\u00f3n Tributaria\",\"potentialAction\":[{\"@type\":\"SearchAction\",\"target\":{\"@type\":\"EntryPoint\",\"urlTemplate\":\"https:\/\/c2v2holdingllc.com\/?s={search_term_string}\"},\"query-input\":\"required name=search_term_string\"}],\"inLanguage\":\"es\"}]}<\/script>\n<!-- \/ Yoast SEO plugin. -->","yoast_head_json":{"title":"Claudia Vanessa Mu\u00f1oz Tasc\u00f3n - C2V2 Holding LLC","robots":{"index":"index","follow":"follow","max-snippet":"max-snippet:-1","max-image-preview":"max-image-preview:large","max-video-preview":"max-video-preview:-1"},"canonical":"https:\/\/c2v2holdingllc.com\/index.php\/claudia-vanessa-munoz-tascon\/","og_locale":"es_ES","og_type":"article","og_title":"Claudia Vanessa Mu\u00f1oz Tasc\u00f3n - C2V2 Holding LLC","og_url":"https:\/\/c2v2holdingllc.com\/index.php\/claudia-vanessa-munoz-tascon\/","og_site_name":"C2V2 Holding LLC","article_modified_time":"2025-07-22T14:18:38+00:00","twitter_card":"summary_large_image","twitter_misc":{"Tiempo de lectura":"2 minutos"},"schema":{"@context":"https:\/\/schema.org","@graph":[{"@type":"WebPage","@id":"https:\/\/c2v2holdingllc.com\/index.php\/claudia-vanessa-munoz-tascon\/","url":"https:\/\/c2v2holdingllc.com\/index.php\/claudia-vanessa-munoz-tascon\/","name":"Claudia Vanessa Mu\u00f1oz Tasc\u00f3n - C2V2 Holding LLC","isPartOf":{"@id":"https:\/\/c2v2holdingllc.com\/#website"},"datePublished":"2024-04-01T17:04:52+00:00","dateModified":"2025-07-22T14:18:38+00:00","breadcrumb":{"@id":"https:\/\/c2v2holdingllc.com\/index.php\/claudia-vanessa-munoz-tascon\/#breadcrumb"},"inLanguage":"es","potentialAction":[{"@type":"ReadAction","target":["https:\/\/c2v2holdingllc.com\/index.php\/claudia-vanessa-munoz-tascon\/"]}]},{"@type":"BreadcrumbList","@id":"https:\/\/c2v2holdingllc.com\/index.php\/claudia-vanessa-munoz-tascon\/#breadcrumb","itemListElement":[{"@type":"ListItem","position":1,"name":"Portada","item":"https:\/\/c2v2holdingllc.com\/"},{"@type":"ListItem","position":2,"name":"Claudia Vanessa Mu\u00f1oz Tasc\u00f3n"}]},{"@type":"WebSite","@id":"https:\/\/c2v2holdingllc.com\/#website","url":"https:\/\/c2v2holdingllc.com\/","name":"C2V2 Holding LLC","description":"Asesor\u00eda y Planeaci\u00f3n Tributaria","potentialAction":[{"@type":"SearchAction","target":{"@type":"EntryPoint","urlTemplate":"https:\/\/c2v2holdingllc.com\/?s={search_term_string}"},"query-input":"required name=search_term_string"}],"inLanguage":"es"}]}},"_links":{"self":[{"href":"https:\/\/c2v2holdingllc.com\/index.php\/wp-json\/wp\/v2\/pages\/825"}],"collection":[{"href":"https:\/\/c2v2holdingllc.com\/index.php\/wp-json\/wp\/v2\/pages"}],"about":[{"href":"https:\/\/c2v2holdingllc.com\/index.php\/wp-json\/wp\/v2\/types\/page"}],"author":[{"embeddable":true,"href":"https:\/\/c2v2holdingllc.com\/index.php\/wp-json\/wp\/v2\/users\/1"}],"replies":[{"embeddable":true,"href":"https:\/\/c2v2holdingllc.com\/index.php\/wp-json\/wp\/v2\/comments?post=825"}],"version-history":[{"count":5,"href":"https:\/\/c2v2holdingllc.com\/index.php\/wp-json\/wp\/v2\/pages\/825\/revisions"}],"predecessor-version":[{"id":967,"href":"https:\/\/c2v2holdingllc.com\/index.php\/wp-json\/wp\/v2\/pages\/825\/revisions\/967"}],"wp:attachment":[{"href":"https:\/\/c2v2holdingllc.com\/index.php\/wp-json\/wp\/v2\/media?parent=825"}],"curies":[{"name":"wp","href":"https:\/\/api.w.org\/{rel}","templated":true}]}}